he third derivative of 7*c**4/6 - c**3/2 + 4*c**2. Is h(x) a composite number?
False
Suppose 5*l - 2*p = -4*p + 11015, l - p = 2203. Is l a composite number?
False
Let y = 16 - 11. Suppose -y*o + 132 = -o. Is o a prime number?
False
Let f(r) = r**3 - 10*r**2 - 9*r - 9. Let z(a) = -a**3 + 5*a**2 - a + 1. Let i be z(2). Is f(i) composite?
False
Suppose -25 = 4*j - 4*g - 9, 3*j = -3*g + 18. Let c be (0 + -1 + j)/3. Suppose 2*d = 2*p - 652, -p + 4*p - 4*d - 975 = c. Is p composite?
True
Suppose -4*q + 5 = -219. Suppose 2*u = q + 102. Is u a composite number?
False
Let x(l) be the second derivative of 2*l**3 + 7*l**2/2 + l. Let b(j) = -j + 2. Let g be b(-4). Is x(g) prime?
True
Let a(b) = -b**3 - 10*b**2 - 16*b - 15. Let s(p) = -p**2 - 4*p - 5. Let w be s(-5). Let i be a(w). Suppose -2*x + i = q, x + x - 725 = -5*q. Is q prime?
False
Suppose -2*x - 3*n + 593 = -2*n, -x - n + 298 = 0. Is x prime?
False
Let x(v) = 2*v**3 + 2*v**2 - 2*v + 2. Let s be x(4). Let h = s + -74. Suppose -3*f = -6*f - 5*k + 216, -f + h = -k. Is f a prime number?
False
Let j(b) = 6*b - 12. Let y be j(8). Suppose -3 = n - y. Is n prime?
False
Suppose -4*w - 25 = -3*n, -2*w + 4*n = 3*w + 32. Let l(k) = -k**3 - 6*k**2 - 4*k - 2. Let y be l(w). Is (-12)/y*(-1110)/(-4) a prime number?
False
Let d(v) = -v**3 + 4*v**2 + v - 2. Let m be d(4). Let j = m - -1. Suppose -j*c + 5 + 4 = 0. Is c prime?
True
Let g be (-1 - 0)/(4/(-8)). Let p be 1/g*(-5 - -205). Suppose -3*k + 11 = -p. Is k a composite number?
False
Let d(a) = 2*a**2 - 2*a - 3. Let t be d(-2). Let z(n) be the second derivative of n**3/3 - 7*n**2/2 - 4*n. Is z(t) a prime number?
True
Suppose 3*r = -4*q + r - 2, 2*q = -2*r - 2. Suppose q*z = -z - 2*g + 7, 0 = 5*z + 5*g - 45. Let a = -5 + z. Is a composite?
True
Suppose 2*h - 576 = -2*h. Suppose 6*a - a - 207 = -4*q, 4*q = 4*a - h. Is a prime?
False
Suppose -105*z + 100*z + 155 = 0. Is z prime?
True
Let q(n) = -n**3 + 10*n**2 - n + 6. Let f be q(10). Let g be (3 + 3)/(f/(-6)). Suppose g = -3*m + 48. Is m composite?
False
Let y = -4 - -1. Let l = y + 5. Suppose -3*v + 4*i = -43, l = 2*v + 5*i + 4. Is v prime?
False
Suppose 0 = 5*i + 2*k - 68, -84 = -5*i - k - 15. Suppose 3*b + c - i = -c, 5*c - 8 = -3*b. Let d = 55 - b. Is d a prime number?
False
Suppose -2*h + 380 = -266. Is h a prime number?
False
Suppose 3 = -3*k + 12. Suppose k*m - 5 = -2*m. Is (m + 0)/(5/95) a composite number?
False
Let p(g) = -30*g + 2. Let m(k) = 6*k - 1. Let r be m(1). Suppose 0 = -5*w - 4*b - 3 - 23, 22 = -r*w - 3*b. Is p(w) prime?
False
Let v(u) = 244*u**3 + 3*u**2 + 14*u - 9. Let s(i) = -163*i**3 - 2*i**2 - 9*i + 6. Let g(f) = -8*s(f) - 5*v(f). Is g(2) a composite number?
False
Let z = -1 - -19. Is (-4)/z - 384/(-27) prime?
False
Let a = -451 - -791. Suppose -2*r - a = -6*r. Is r composite?
True
Let h(n) = -5*n**2 + 1. Let i be h(-1). Suppose 2*b = 3 + 5. Is b/(i + 2) - -53 a composite number?
True
Suppose 2*z = 5 + 3. Suppose -3*t + 631 = z*k, -3*k = -5*t + 340 + 731. Is t a prime number?
False
Is 1 + 59 + 1 + -2 composite?
False
Let s = 3 + -1. Suppose 3*u + s*h + 2*h - 51 = 0, 0 = -2*u + h + 23. Is u prime?
True
Is ((-839)/2 - 1)/(2/(-4)) prime?
False
Let s be 24/2*11/22. Suppose 538 = 2*t + s*d - d, 0 = 5*t - 4*d - 1279. Is t a prime number?
False
Suppose -q - 4*q + 10 = 0. Suppose t + q + 24 = 0. Let r = t + 40. Is r a prime number?
False
Suppose 2*z - z - 1 = -2*i, 2*z = 2*i - 16. Suppose -4*s + 1781 = i*f - 0*f, 2*s + 3*f - 895 = 0. Is s a composite number?
False
Suppose 0 = -2*o - 3*q + 21, 4*q = 2*o + 3*q - 1. Let s be 204/(-8)*4/o. Let v = s - -71. Is v a composite number?
False
Let n be (-120)/(-28) - 4/14. Suppose -4*o = 5*w - 3*w - 198, -4*w + 388 = n*o. Is w a composite number?
True
Suppose -16*o = -19*o + 1173. Is o a prime number?
False
Let s(c) = 20*c**2 - 2*c - 2. Let v be s(3). Let m = v - 366. Is (0 + -1)/(2/m) a prime number?
True
Is (1*3)/(4/124) a composite number?
True
Suppose -q - 792 = -4*v - 272, 3*q - 246 = -2*v. Is v a composite number?
True
Suppose 3*w - b - 26 = 0, 5 = -2*w + 3*b + 20. Let m = w + 0. Suppose -7*q + m*q = z - 57, -2*q = -3*z + 167. Is z a prime number?
False
Let l = -652 - -363. Let o = l - -191. Let w = 165 + o. Is w a prime number?
True
Let r be 3*(-3 + 2 + 2). Suppose -n + r*n = 68. Is n a composite number?
True
Let t = 4313 - 1792. Is t a composite number?
False
Suppose 3*h - 20 = h. Let s(x) = 6*x + 5. Is s(h) composite?
True
Let o = -528 + 797. Suppose 5*k - o = 846. Is k a prime number?
True
Is (1594/(-6))/(20/(-6) - -3) a composite number?
False
Suppose 4*z + x = 5, 2*z = x - 0*x + 1. Suppose 3*q + 2*q = 5*j + 130, -5*q + 110 = -j. Is q + 0 + -1 + z a composite number?
True
Suppose -4*k - 122 = -2*m, -5*k + k = -3*m + 127. Let w = k + 79. Is w composite?
True
Let r = -503 + 896. Is r prime?
False
Suppose -417 = -5*g - 2*l, -2*g + 65 + 96 = -5*l. Let f = g - 166. Is (-1)/(1 - (-84)/f) composite?
False
Let u = -2 + 0. Is 4 + -3 + (52 - u) prime?
False
Is 3 + (-28)/10 - (-1264)/5 a prime number?
False
Let w be -1*8/20*-390. Let g = -65 + w. Is g a composite number?
True
Is 4 + (3 - -230) - 0 composite?
True
Suppose 0 = o + 5*c + 5, 2 = -0*o + 2*o - 2*c. Suppose o = -4*w + 3*t + 518, 3*t + 649 = 5*w - 0*t. Is w a composite number?
False
Let q = 795 - 378. Suppose -3 - 1 = -2*k + 5*h, -6 = -3*k + 4*h. Is (q/3 + 3)/k prime?
True
Let b(u) = 2*u - 3. Let k(f) = -f**2 + 9*f - 1. Let w be k(7). Suppose w + 2 = 3*o. Is b(o) prime?
True
Is -10*(-1 + 156/(-8)) composite?
True
Let n(a) = -4*a + 1. Let d be 3*2/(-1)*-1. Suppose -l = -2*f - 12, 0 = -2*f - 2*l - 0 - d. Is n(f) composite?
True
Let o = 43 + -27. Suppose i - o = -3*i. Suppose 2*s - i*b = -2*b + 474, -3*b = -s + 241. Is s a composite number?
True
Let l(k) = 4*k**2 + 6*k. Let t be l(5). Suppose 0*p + t = 5*p. Is p a composite number?
True
Let x be 3*-1 - (-87 - 4). Let y(p) = p**2 - 4*p - 7. Let d be y(6). Suppose -2*v - 5*u + 66 = -u, -3*v + d*u = -x. Is v a composite number?
False
Let i(t) = t**3 + 6*t**2 + 3*t + 1. Let d = 12 - 16. Is i(d) a prime number?
False
Let p = 878 + -624. Is p prime?
False
Let z(o) = -42*o - 1. Is z(-10) a prime number?
True
Suppose 0 = -t + 4 + 18. Is t a composite number?
True
Suppose -69 = -3*w + 186. Is w a composite number?
True
Let j(t) = 2*t**2 + 20*t. Let l be j(-14). Let m = l - -65. Is m composite?
True
Is 4/(24/786)*(2 + -1) a composite number?
False
Let h = 358 - 143. Is h composite?
True
Let i(z) = 9*z**2 - 10*z - 29. Is i(12) a composite number?
True
Let z = 17 - 12. Suppose z*r - 612 = -2*o, -o + 3*r - 59 = -354. Is o composite?
True
Suppose 21 = 2*o + g, -2*o + 51 = 3*o + 3*g. Let r be (18/o)/(3/4). Suppose 5*x = -2*h + 45, -r*x - 4*h + 9*h + 47 = 0. Is x a prime number?
True
Let t = -4 - -9. Suppose -5*d + 345 = t*p, 211 = 5*p + d - 134. Is p a prime number?
False
Let s be (-2)/(-4) - (-231)/(-22). Is 115/s*(-1 + -1) a prime number?
True
Let h be -18*((-15)/(-9) + -2). Let q = h - -8. Suppose -3*p + 2*c = 13 - 60, p - c - q = 0. Is p composite?
False
Let v(j) = j - 7. Let r be v(5). Let g be (-5)/r*(-16)/(-20). Suppose -g*d + 4*t = -30, -2*t - 59 = -0*d - 5*d. Is d a composite number?
False
Let q(z) = 29*z + 3. Let g be q(6). Suppose -5*b + 0*f = -4*f - g, -2*f + 126 = 4*b. Is b composite?
True
Suppose -4*v = -3*r - 3037, 0*v + 4*v = 4*r + 3040. Is v a prime number?
True
Suppose 0 = -47*x + 37*x + 40490. Is x composite?
False
Let q = 281 - -608. Is q composite?
True
Suppose 4*l = g - 13, l - 2*g = -2*l - 11. Is (-3)/6*22*l composite?
True
Let z = -19 - -11. Let v(g) be the second derivative of -5*g**3/6 + 9*g**2/2 + 2*g. Is v(z) a composite number?
True
Suppose 2*s = 2*o + 1044, 0 = 2*s + 2*o - 0*o - 1040. Is s a composite number?
False
Is (-53224)/(-14) - (-8 + 270/35) a prime number?
False
Let s(y) = 3*y - 4. Let w be s(5). Is (-1)/(1/(-1))*w prime?
True
Suppose 1315 + 626 = 3*q. Is q prime?
True
Let v(c) = -c**2 + c + 10. Let q be v(0). Let t(p) = 6*p - 3 + 22*p - 20*p. Is t(q) composite?
True
Suppose -4*z = -3*p - 1083, 2*p = 2*z - 0*p - 540. Let i = z + 34. Is i a prime number?
True
Let u = 0 + 0. Let g(n) = -n**3 + 6*n**2 + 3*n - 5. Let a be g(6). Suppose -5*f = -4*q - 27, -3*q + a = -u*f + f. Is f a composite number?
False
Let p = 15 + -7. Let k